{"id":10,"date":"2023-05-08T16:17:39","date_gmt":"2023-05-08T14:17:39","guid":{"rendered":"http:\/\/actifs.stillinparis.com\/?page_id=10"},"modified":"2023-05-08T16:17:39","modified_gmt":"2023-05-08T14:17:39","slug":"mon-compte","status":"publish","type":"page","link":"https:\/\/actifs.stillinparis.com\/?page_id=10","title":{"rendered":"Mon compte"},"content":{"rendered":"<div class=\"woocommerce\">\r\n<div class=\"woocommerce-notices-wrapper\"><\/div>\r\n\r\n<div class=\"customer-login\">\r\n\r\n    <div class=\"row\">\r\n\r\n        <div class=\"col-md-6 col-sm-6 col-md-offset-3 col-sm-offset-3 col-login\">\r\n            <div class=\"martfury-login-tabs\">\r\n                <ul class=\"tabs-nav\">\r\n                    <li class=\"active\"><a href=\"#\"\r\n                                          class=\"active\">Log in<\/a>\r\n                    <\/li>\r\n\t\t\t\t\t                        <li><a class=\"\"\r\n                               href=\"#\">Register<\/a><\/li>\r\n\t\t\t\t\t                <\/ul>\r\n                <div class=\"tabs-content\">\r\n\r\n                    <div class=\"tabs-panel active\">\r\n\r\n                        <h2>Log In Your Account<\/h2>\r\n\r\n                        <form class=\"woocommerce-form woocommerce-form-login login\" method=\"post\">\r\n\r\n\t\t\t\t\t\t\t\r\n                            <p class=\"woocommerce-form-row woocommerce-form-row--wide form-row form-row-wide\">\r\n                                <input type=\"text\" class=\"woocommerce-Input woocommerce-Input--text input-text\" required\r\n                                       placeholder=\"Username or email address\"\r\n                                       name=\"username\" id=\"username\" autocomplete=\"username\"\r\n                                       value=\"\"\/>\r\n                            <\/p>\r\n\r\n                            <p class=\"woocommerce-form-row woocommerce-form-row--wide form-row form-row-wide form-row-password\">\r\n                                <input class=\"woocommerce-Input woocommerce-Input--text input-text\" required\r\n                                       placeholder=\"Password\" type=\"password\"\r\n                                       autocomplete=\"current-password\"\r\n                                       name=\"password\" id=\"password\"\/>\r\n                            <\/p>\r\n\r\n\t\t\t\t\t\t\t\r\n                            <p class=\"form-row\">\r\n                                <span class=\"woocommerce-form-row__remember\">\r\n                                    <label class=\"woocommerce-form__label woocommerce-form__label-for-checkbox woocommerce-form-login__rememberme\">\r\n                                        <input class=\"woocommerce-form__input woocommerce-form__input-checkbox\"\r\n                                               name=\"rememberme\" type=\"checkbox\" id=\"rememberme\" value=\"forever\"\/>\r\n                                        <span>Remember me<\/span>\r\n                                     <\/label>\r\n                                   <a class=\"lost-password\"\r\n                                      href=\"https:\/\/actifs.stillinparis.com\/?page_id=10&#038;lost-password\">Forgot your password?<\/a>\r\n                                <\/span>\r\n\r\n\t\t\t\t\t\t\t\t<input type=\"hidden\" id=\"woocommerce-login-nonce\" name=\"woocommerce-login-nonce\" value=\"021f909e6c\" \/><input type=\"hidden\" name=\"_wp_http_referer\" value=\"\/index.php?rest_route=%2Fwp%2Fv2%2Fpages%2F10\" \/>                                <button type=\"submit\" class=\"woocommerce-Button button\" name=\"login\"\r\n                                        value=\"Log in\">Log in<\/button>\r\n                            <\/p>\r\n\r\n\t\t\t\t\t\t\t\r\n                        <\/form>\r\n                    <\/div>\r\n\r\n\t\t\t\t\t\r\n                        <div class=\"tabs-panel \">\r\n\r\n                            <h2>Register An Account<\/h2>\r\n\r\n                            <form method=\"post\" class=\"register woocommerce-form woocommerce-form-register\">\r\n\r\n\t\t\t\t\t\t\t\t\r\n\t\t\t\t\t\t\t\t\r\n                                <p class=\"woocommerce-form-row woocommerce-form-row--wide form-row form-row-wide\">\r\n                                    <input type=\"email\" required\r\n                                           class=\"woocommerce-Input woocommerce-Input--text input-text\"\r\n                                           placeholder=\"Email address\"\r\n                                           name=\"email\" id=\"reg_email\" autocomplete=\"email\"\r\n                                           value=\"\"\/>\r\n                                <\/p>\r\n\r\n\t\t\t\t\t\t\t\t\r\n                                    <p class=\"woocommerce-form-row woocommerce-form-row--wide form-row form-row-wide\">\r\n                                        <input type=\"password\" required\r\n                                               placeholder=\"Password\"\r\n                                               class=\"woocommerce-Input woocommerce-Input--text input-text\"\r\n                                               autocomplete=\"new-password\"\r\n                                               name=\"password\" id=\"reg_password\"\/>\r\n                                    <\/p>\r\n\r\n\t\t\t\t\t\t\t\t\r\n\t\t\t\t\t\t\t\t\r\n<div class=\"show_if_seller\" style=\"display:none\">\r\n\r\n\t<div class=\"split-row form-row-wide\">\r\n\t\t<p class=\"form-row form-group\">\r\n\t\t\t<label for=\"first-name\">First Name\t\t\t\t<span class=\"required\">*<\/span><\/label>\r\n\t\t\t<input type=\"text\" class=\"input-text form-control\" name=\"fname\" id=\"first-name\" value=\"\" required=\"required\" \/>\r\n\t\t<\/p>\r\n\r\n\t\t<p class=\"form-row form-group\">\r\n\t\t\t<label for=\"last-name\">Last Name\t\t\t\t<span class=\"required\">*<\/span><\/label>\r\n\t\t\t<input type=\"text\" class=\"input-text form-control\" name=\"lname\" id=\"last-name\" value=\"\" required=\"required\" \/>\r\n\t\t<\/p>\r\n\t<\/div>\r\n\r\n\t<p class=\"form-row form-group form-row-wide\">\r\n\t\t<label for=\"company-name\">Shop Name\t\t\t<span class=\"required\">*<\/span><\/label>\r\n\t\t<input type=\"text\" class=\"input-text form-control\" name=\"shopname\" id=\"company-name\" value=\"\" required=\"required\" \/>\r\n\t<\/p>\r\n\r\n\t<p class=\"form-row form-group form-row-wide\">\r\n\t\t<label for=\"seller-url\" class=\"pull-left\">Shop URL\t\t\t<span class=\"required\">*<\/span><\/label>\r\n\t\t<strong id=\"url-alart-mgs\" class=\"pull-right\"><\/strong>\r\n\t\t<input type=\"text\" class=\"input-text form-control\" name=\"shopurl\" id=\"seller-url\" value=\"\" required=\"required\" \/>\r\n\t\t<small>https:\/\/actifs.stillinparis.com\/store\/<strong id=\"url-alart\"><\/strong>\r\n\t\t<\/small>\r\n\t<\/p>\r\n\r\n\t<p class=\"form-row form-group form-row-wide\">\r\n\t\t<label for=\"shop-phone\">Phone Number\t\t\t<span class=\"required\">*<\/span><\/label>\r\n\t\t<input type=\"text\" class=\"input-text form-control\" name=\"phone\" id=\"shop-phone\" value=\"\" required=\"required\" \/>\r\n\t<\/p>\r\n\t\t\r\n<\/div>\r\n\r\n\r\n<p class=\"form-row form-group user-role\">\r\n\t<label class=\"radio woocommerce-form__label-for-checkbox\">\r\n\t\t<input type=\"radio\" name=\"role\" class=\"woocommerce-form__input-checkbox\" value=\"customer\" checked='checked'>\r\n\t\t<span>\r\n\t\t\tI am a customer\t\t<\/span>\r\n\t<\/label>\r\n\r\n\t<label class=\"radio woocommerce-form__label-for-checkbox\">\r\n\t\t<input type=\"radio\" name=\"role\" class=\"woocommerce-form__input-checkbox\" value=\"seller\">\r\n\t\t<span>\r\n       \t I am a vendor\t\t<\/span>\r\n\t<\/label>\r\n\t<\/p>\r\n<div class=\"woocommerce-privacy-policy-text\"><p>Vos donn\u00e9es personnelles seront utilis\u00e9es pour vous accompagner au cours de votre visite du site web, g\u00e9rer l\u2019acc\u00e8s \u00e0 votre compte, et pour d\u2019autres raisons d\u00e9crites dans notre <a href=\"https:\/\/actifs.stillinparis.com\/?page_id=3\" class=\"woocommerce-privacy-policy-link\" target=\"_blank\">privacy policy<\/a>.<\/p>\n<\/div>\r\n                                <p class=\"woocommerce-form-row form-row\">\r\n\t\t\t\t\t\t\t\t\t<input type=\"hidden\" id=\"woocommerce-register-nonce\" name=\"woocommerce-register-nonce\" value=\"569c01eda7\" \/><input type=\"hidden\" name=\"_wp_http_referer\" value=\"\/index.php?rest_route=%2Fwp%2Fv2%2Fpages%2F10\" \/>                                    <button type=\"submit\" class=\"woocommerce-Button button\" name=\"register\"\r\n                                            value=\"Register\">Register<\/button>\r\n                                <\/p>\r\n\r\n\t\t\t\t\t\t\t\t\r\n                            <\/form>\r\n\r\n                        <\/div>\r\n\r\n\t\t\t\t\t\r\n                <\/div>\r\n            <\/div>\r\n        <\/div>\r\n\r\n\t\t\r\n    <\/div>\r\n<\/div>\r\n\r\n<\/div>\n","protected":false},"excerpt":{"rendered":"","protected":false},"author":1,"featured_media":0,"parent":0,"menu_order":0,"comment_status":"closed","ping_status":"closed","template":"","meta":{"footnotes":""},"class_list":["post-10","page","type-page","status-publish","hentry"],"_links":{"self":[{"href":"https:\/\/actifs.stillinparis.com\/index.php?rest_route=\/wp\/v2\/pages\/10","targetHints":{"allow":["GET"]}}],"collection":[{"href":"https:\/\/actifs.stillinparis.com\/index.php?rest_route=\/wp\/v2\/pages"}],"about":[{"href":"https:\/\/actifs.stillinparis.com\/index.php?rest_route=\/wp\/v2\/types\/page"}],"author":[{"embeddable":true,"href":"https:\/\/actifs.stillinparis.com\/index.php?rest_route=\/wp\/v2\/users\/1"}],"replies":[{"embeddable":true,"href":"https:\/\/actifs.stillinparis.com\/index.php?rest_route=%2Fwp%2Fv2%2Fcomments&post=10"}],"version-history":[{"count":0,"href":"https:\/\/actifs.stillinparis.com\/index.php?rest_route=\/wp\/v2\/pages\/10\/revisions"}],"wp:attachment":[{"href":"https:\/\/actifs.stillinparis.com\/index.php?rest_route=%2Fwp%2Fv2%2Fmedia&parent=10"}],"curies":[{"name":"wp","href":"https:\/\/api.w.org\/{rel}","templated":true}]}}